 ten thousands digit of 3964712?
6
What is the ten thousands digit of 244786?
4
What is the tens digit of 847841?
4
What is the thousands digit of 1748379?
8
What is the ten thousands digit of 345244?
4
What is the tens digit of 433886?
8
What is the thousands digit of 52157?
2
What is the tens digit of 3946823?
2
What is the hundreds digit of 24490?
4
What is the thousands digit of 391987?
1
What is the units digit of 153512?
2
What is the thousands digit of 15042?
5
What is the thousands digit of 198445?
8
What is the hundred thousands digit of 290108?
2
What is the hundred thousands digit of 327583?
3
What is the thousands digit of 5256094?
6
What is the hundred thousands digit of 746253?
7
What is the units digit of 1781665?
5
What is the tens digit of 29692?
9
What is the hundreds digit of 245850?
8
What is the ten thousands digit of 977022?
7
What is the thousands digit of 22729386?
9
What is the units digit of 363779?
9
What is the ten thousands digit of 6941133?
4
What is the ten thousands digit of 18922?
1
What is the hundred thousands digit of 2505991?
5
What is the hundred thousands digit of 4085031?
0
What is the tens digit of 34076272?
7
What is the tens digit of 54366?
6
What is the millions digit of 1439406?
1
What is the units digit of 184319?
9
What is the ten thousands digit of 27114980?
1
What is the hundreds digit of 165984?
9
What is the units digit of 8074734?
4
What is the units digit of 95235?
5
What is the units digit of 5877262?
2
What is the units digit of 1572961?
1
What is the hundred thousands digit of 6595145?
5
What is the tens digit of 2223884?
8
What is the hundred thousands digit of 261684?
2
What is the hundred thousands digit of 249980?
2
What is the hundreds digit of 12869?
8
What is the hundreds digit of 11442523?
5
What is the millions digit of 6739091?
6
What is the thousands digit of 58796?
8
What is the ten thousands digit of 513460?
1
What is the units digit of 1044454?
4
What is the hundreds digit of 148171?
1
What is the ten thousands digit of 7922212?
2
What is the thousands digit of 2846139?
6
What is the thousands digit of 328270?
8
What is the ten thousands digit of 697883?
9
What is the units digit of 118573?
3
What is the millions digit of 6589059?
6
What is the ten thousands digit of 2264986?
6
What is the ten thousands digit of 3243454?
4
What is the millions digit of 4606893?
4
What is the thousands digit of 1700421?
0
What is the hundreds digit of 37736?
7
What is the units digit of 646051?
1
What is the tens digit of 833210?
1
What is the tens digit of 18414047?
4
What is the hundred thousands digit of 1306554?
3
What is the hundreds digit of 640602?
6
What is the units digit of 4651348?
8
What is the tens digit of 11347606?
0
What is the ten thousands digit of 1435276?
3
What is the units digit of 628110?
0
What is the millions digit of 4301552?
4
What is the units digit of 816415?
5
What is the thousands digit of 1004348?
4
What is the hundred thousands digit of 439097?
4
What is the tens digit of 5316058?
5
What is the hundreds digit of 1486846?
8
What is the thousands digit of 327615?
7
What is the millions digit of 2876621?
2
What is the ten thousands digit of 769308?
6
What is the ten thousands digit of 1482379?
8
What is the ten thousands digit of 1347580?
4
What is the thousands digit of 6887420?
7
What is the millions digit of 15743729?
5
What is the hundreds digit of 1421414?
4
What is the tens digit of 1968358?
5
What is the ten millions digit of 16836560?
1
What is the ten thousands digit of 242163?
4
What is the hundred thousands digit of 451652?
4
What is the hundreds digit of 5102722?
7
What is the hundred thousands digit of 360900?
3
What is the ten thousands digit of 120639?
2
What is the units digit of 435704?
4
What is the thousands digit of 3380092?
0
What is the hundred thousands digit of 6786308?
7
What is the tens digit of 471432?
3
What is the hundreds digit of 654576?
5
What is the units digit of 3108946?
6
What is the thousands digit of 158367?
8
What is the tens digit of 455433?
3
What is the hundreds digit of 14440388?
3
What is the units digit of 6596452?
2
What is the tens digit of 249277?
7
What is the units digit of 4130059?
9
What is the hundred thousands digit of 157111?
1
What is the tens digit of 13671?
7
What is the ten thousands digit of 280809?
8
What is the units digit of 19615659?
9
What is the tens digit of 7222801?
0
What is the ten thousands digit of 688868?
8
What is the ten thousands digit of 3759834?
5
What is the tens digit of 4636429?
2
What is the hundreds digit of 445?
4
What is the millions digit of 2325818?
2
What is the millions digit of 6559790?
6
What is the hundred thousands digit of 617121?
6
What is the thousands digit of 1942268?
2
What is the units digit of 34936153?
3
What is the millions digit of 1504586?
1
What is the units digit of 30853?
3
What is the ten thousands digit of 968759?
6
What is the thousands digit of 904480?
4
What is the units digit of 1203284?
4
What is the hundreds digit of 26169732?
7
What is the tens digit of 653396?
9
What is the hundred thousands digit of 759395?
7
What is the hundreds digit of 1714643?
6
What is the units digit of 14340683?
3
What is the ten thousands digit of 3337261?
3
What is the ten thousands digit of 1665309?
6
What is the thousands digit of 307995?
7
What is the thousands digit of 1077518?
7
What is the hundred thousands digit of 498793?
4
What is the thousands digit of 240008?
0
What is the hundreds digit of 79961?
9
What is the ten thousands digit of 6123199?
2
What is the units digit of 2298568?
8
What is the ten thousands digit of 176611?
7
What is the thousands digit of 589314?
9
What is the ten thousands digit of 2195076?
9
What is the tens digit of 3197775?
7
What is the tens digit of 629960?
6
What is the thousands digit of 8715378?
5
What is the thousands digit of 2347782?
7
What is the hundred thousands digit of 222787?
2
What is the units digit of 23181?
1
What is the ten thousands digit of 29795324?
9
What is the thousands digit of 56268?
6
What is the hundred thousands digit of 1364729?
3
What is the thousands digit of 294168?
4
What is the tens digit of 1554375?
7
What is the tens digit of 890037?
3
What is the hundreds digit of 4545168?
1
What is the tens digit of 1169734?
3
What is the hundreds digit of 2430524?
5
What is the tens digit of 965042?
4
What is the tens digit of 1508907?
0
What is the units digit of 611044?
4
What is the hundreds digit of 37963395?
3
What is the hundreds digit of 145546?
5
What is the hundreds digit of 1311165?
1
What is the hundreds digit of 766350?
3
What is the hundreds digit of 48571?
5
What is the ten thousands digit of 963175?
6
What is the tens digit of 149397?
9
What is the hundred thousands digit of 255286?
2
What is the tens digit of 1156405?
0
What is the units digit of 909781?
1
What is the thousands digit of 290457?
0
What is the units digit of 246136?
6
What is the thousands digit of 1216045?
6
What is the hundred thousands digit of 1089005?
0
What is the ten thousands digit of 6818131?
1
What is the hundred thousands digit of 38017646?
0
What is the thousands digit of 377547?
7
What is the hundreds digit of 5264967?
9
What is the hundred thousands digit of 391932?
3
What is the thousands digit of 18156284?
6
What is the millions digit of 3432041?
3
What is the hundreds digit of 2556496?
4
What is the ten thousands digit of 329030?
2
What is the millions digit of 10244475?
0
What is the hundreds digit of 406994?
9
What is the units digit of 20115318?
8
What is the units digit of 171905?
5
What is the hundred thousands digit of 3441765?
4
What is the tens digit of 9854807?
0
What is the tens digit of 703534?
3
What is the units digit of 14497?
7
What is the ten thousands digit of 866449?
6
What is the thousands digit of 234074?
4
What is the thousands digit of 960794?
0
What is the units digit of 3381?
1
What is the tens digit of 453376?
7
What is the tens digit of 3085878?
7
What is the hundreds digit of 3794385?
3
What is the hundreds digit of 280661?
6
What is the ten thousands digit of 500790?
0
What is the hundreds digit of 1372731?
7
What is the thousands digit of 539926?
9
What is the tens digit of 1805781?
8